 remainder when w is divided by 24.
22
Let l be (-14)/21*114/(-4). Suppose l = 3*u - 23. Calculate the remainder when 26 is divided by u.
12
Suppose -i - 4*k - 31 = -89, -i + 5*k + 40 = 0. Suppose -b + i = b. Calculate the remainder when b is divided by (-38)/(-4) - (-1)/(-2).
7
Let h be (-1)/(3 + 68/(-23)). Let q = 54 + h. Calculate the remainder when q is divided by 11.
9
Suppose 8*i = 2*i + 60. Calculate the remainder when 28 is divided by i.
8
Let s(o) = o**3 - o**2 - 1. Let l be s(2). Suppose -l*q + 78 = 30. What is the remainder when 30 is divided by q?
14
Let t = -15 - -20. What is the remainder when 8 is divided by (4/t)/((-7)/(-35))?
0
Let g(l) = -l - 5. Let c be g(5). What is the remainder when 25 is divided by (1/2)/(c/(-260))?
12
Let h(w) = 4*w**2 + 3*w. What is the remainder when h(-3) is divided by 15?
12
Let p = 77 + -52. Calculate the remainder when p is divided by 15.
10
Let f(q) = -1 - q + 2 - 5. Let z be f(-3). What is the remainder when 1 - (z - -3) - -27 is divided by 9?
8
Let p(m) = -m**2 + 51*m**3 + m + 4 + 12 - 17. Calculate the remainder when p(1) is divided by 13.
11
Let k be 0 + 0 - (-2 - 2). Suppose k*x + 56 = 8*x. Suppose 32 + 8 = m. What is the remainder when m is divided by x?
12
Let a = -7 - -20. Suppose 0 = 5*g - 2*h + h - 247, 2*g + 4*h = 112. Suppose g = 3*q - 61. Calculate the remainder when q is divided by a.
11
Let h(m) = 2*m**2 + 3*m - 1. Calculate the remainder when h(-6) is divided by 11.
9
Suppose 0 = 14*c - 11*c - 15. Let d(h) = -h**3 + h**2 + 2*h + 1. Let p be d(2). Let y(a) = 3*a**3 - 1. Calculate the remainder when c is divided by y(p).
1
Suppose 0 = 5*z + 25, 2*z - 5*z + 17 = 4*x. Calculate the remainder when 31 is divided by x.
7
Let p(g) be the first derivative of 21*g**2/2 + 2. Calculate the remainder when p(2) is divided by 22.
20
Calculate the remainder when ((-1)/2)/((-6)/516) is divided by 15.
13
Let l(q) = -2*q + 9. Let f(y) = -5*y + 19. Let a(d) = -3*f(d) + 7*l(d). Let k = 31 + -21. Calculate the remainder when a(12) is divided by k.
8
Let o(q) = -q**3 + 2*q**2 + 3*q + 3. Let x be o(3). Suppose -3*l + 45 = 4*j, -x*l = 2*j - 6*j + 75. What is the remainder when j is divided by 8?
7
Let j(p) = p**2 + p - 1. Suppose 7*x = 4 + 3. What is the remainder when x is divided by j(-2)?
0
Let d = -11 + 21. Calculate the remainder when 35 is divided by d.
5
Let d be (-3 - -4)*1 - -6. Suppose 25 = 4*p - d. Calculate the remainder when 21 is divided by p.
5
Let m = -26 + 36. Let r(v) = v**3 + 7*v**2 - 4*v - 10. Suppose -23 = 3*a - 2*g, 2*g = -2*a + 6*g - 18. What is the remainder when r(a) is divided by m?
8
Let w be -3 - -46*(-2)/(-4). What is the remainder when 63 is divided by (192/w)/3*10?
31
Let y = -61 - -157. Calculate the remainder when y is divided by 7.
5
Suppose 47 = 5*p + 7. Suppose -3 = 3*f - 4*f. Calculate the remainder when p is divided by f.
2
Let p = -192 - -214. What is the remainder when 82 is divided by p?
16
Suppose h = -0*h + 5*j + 6, -3*h + 18 = -3*j. What is the remainder when h is divided by 4?
2
Suppose -2*c + 44 = -0. Calculate the remainder when c is divided by 8.
6
Let l = 58 + -45. What is the remainder when 34 is divided by l?
8
Let b = 9 - 6. Suppose -2*l + 4 = -4. Suppose -5*k + 2*m = -k - 40, m = l*k - 36. Calculate the remainder when k is divided by b.
2
Suppose o = -h + 17, 4*o = -h + 46 + 7. Calculate the remainder when 79 is divided by o.
7
Suppose -j - 9 = -4*j. Suppose 2*s = -0*s - 2*g - 28, -2*s - 3 = -j*g. Calculate the remainder when 17 is divided by (-3)/s - (-17)/3.
5
Suppose -d - 6 = 4*z - 1, -25 = -z + 5*d. Suppose 2*i - 15 = -5, 2*m - 3*i + 1 = z. Calculate the remainder when 13 is divided by m.
6
Let z = -13 + 25. Calculate the remainder when 35 is divided by z.
11
Let f = -42 + 51. Calculate the remainder when 35 is divided by f.
8
Let c(s) = -2*s**2 - 29*s + 30. Calculate the remainder when 42 is divided by c(-15).
12
What is the remainder when 130 is divided by 1 - 0 - (-40 - 3)?
42
Let w = 83 - 74. What is the remainder when 25 is divided by w?
7
Suppose -3 = i + 4*k - 0*k, -4*i - 5*k = -43. Calculate the remainder when 904/28 + 2/(-7) is divided by i.
15
Suppose 10*l - 33 = 7*l. What is the remainder when 42 is divided by l?
9
Let k(j) = -j**3 - 13*j**2 + 3*j**3 - 2 - 3*j**3 + 13*j. Let z = -39 + 74. What is the remainder when z is divided by k(-14)?
11
What is the remainder when 34 is divided by (7/(-2))/(7/(-14))?
6
Suppose 2*m + 6 - 33 = -r, -m + 8 = -5*r. What is the remainder when 51 is divided by m?
12
Suppose -87 = -3*h + y - 4*y, -3*y = 5*h - 155. Let o(j) = 11*j**2 + 2*j - 4. What is the remainder when o(3) is divided by h?
33
Calculate the remainder when 1054/14 - (-10)/(-35) is divided by 19.
18
Suppose 1 = 2*b - 1. Let u = 14 - 12. Calculate the remainder when u is divided by b.
0
Suppose -s + 2*s - 4 = 0. Suppose 8 = s*p + 364. Let q = -64 - p. Calculate the remainder when q is divided by 9.
7
Let f(k) = k**3 + k**2 - 2*k + 3. Calculate the remainder when (-4 + 64)*((-10)/(-4))/5 is divided by f(2).
8
What is the remainder when 9 is divided by ((-6)/(-4))/((-5)/50*-5)?
0
Suppose 18*v + 4 = 14*v. Suppose -b - 1 = -3*i + 4*i, -5*b + 13 = -4*i. What is the remainder when 0 - (-33 - v/b) is divided by 11?
10
Suppose 2*r - 6*r = -172. Suppose j - 6*j = 85. Let y = j + 32. What is the remainder when r is divided by y?
13
Suppose -d - 1 = 2. Calculate the remainder when 55 is divided by 3*((-23)/d - 3).
13
Let v(o) = -o**3 + 22*o**2 - 14*o - 21. Calculate the remainder when v(21) is divided by 32.
30
Suppose -3*j - 16 = 4*q - 65, -4*j = 4*q - 72. What is the remainder when j is divided by 14?
9
Suppose 4 = -t + 27. What is the remainder when t is divided by 12?
11
Let z be (-2)/(-8) + 3378/24. Suppose 0 = s + 4*x - 35, -5*s + 4*x - z = -388. Let u = s - 34. What is the remainder when 37 is divided by u?
11
Let b = 3 - -38. Calculate the remainder when 286 is divided by b.
40
Let y = 88 - 76. Calculate the remainder when 249 is divided by y.
9
Suppose 2*s + 19 = 3. Calculate the remainder when 2/s + 315/12 is divided by 14.
12
Let q(c) = 2*c + 3. What is the remainder when q(6) is divided by 34/8 - 9/36?
3
Suppose 0 = 4*l - 25 - 67. Suppose 9 - l = -r. Calculate the remainder when 1/4 + (-214)/(-8) is divided by r.
13
Suppose 0 = 5*y - 2*a - 2*a - 488, y + 5*a - 86 = 0. Suppose 0 = 2*z + 40 - y. Let q = z - 15. What is the remainder when q is divided by 5?
3
Let d(f) = f**3 + 6*f**2 - 6*f - 2. Let q be 32/(-6) + (-14)/21. Calculate the remainder when d(q) is divided by 9.
7
Let m(i) = 3*i**2 + 6*i + 4. Let p be m(-5). Let z = p + -22. Let b = z + -13. Calculate the remainder when 26 is divided by b.
12
Suppose 58 = 2*q + 4*t, -3*t - 8 = t. Suppose 2*b = 7*b - 85. Calculate the remainder when q is divided by b.
16
Suppose 0 = -n + 4*n - 4*w - 135, 0 = 3*n + 4*w - 111. Calculate the remainder when 245 is divided by n.
40
Suppose 3*b - 4 - 8 = -5*y, -20 = 2*y - 5*b. Suppose 3*t = -y*a - 2*a + 1, -2*t = a. Calculate the remainder when 7 is divided by a.
1
Suppose -2 = 4*y - 6. Calculate the remainder when 3 is divided by y.
0
Suppose 8*t = 9*t + 1. What is the remainder when 30 is divided by t/((-15)/(-16) - 1)?
14
Let o(y) = y**3 - 3*y**2 + 4*y - 4. What is the remainder when 81 is divided by o(4)?
25
Calculate the remainder when 32 is divided by ((-1)/4)/(8/(-96)) - -6.
5
Suppose 3*s - 44 = 49. Let b = s + -6. What is the remainder when b is divided by 9?
7
Let b = 7 + -3. Suppose -2*l + 2*c + 12 = 0, -b*l + c + c = -28. What is the remainder when 22 is divided by l?
6
Let z be ((-18)/4 - -3)*-2. Suppose n + 3*n = -5*i + 36, -4*i + 4 = -z*n. What is the remainder when n is divided by 2?
0
Let f = 8 - 6. Suppose -86 = -4*k - f*l - 0*l, -4*l = -20. Suppose -25 = -0*z - 4*z + 3*t, -2*t + 2 = 0. What is the remainder when k is divided by z?
5
Let u = 47 - 26. Let i(l) = l**3 + 19*l**2 + l + 30. Calculate the remainder when u is divided by i(-19).
10
Let t = 64 + -45. Suppose -3*j + 2*i = -10, -5*j + 5*i = -12 - 8. Suppose 3*o = j*o + 10. Calculate the remainder when t is divided by o.
9
Let z = 78 - 56. Calculate the remainder when z is divided by 8.
6
Let p(o) = -6*o - 3. Let m be p(-5). Let x = -19 + m. What is the remainder when x is divided b